j**2 - 21*j - 12. Calculate p(-20).
8
Let q(t) = 2*t - 12. What is q(0)?
-12
Let j(s) = -7*s + 5. What is j(1)?
-2
Let k(z) = -2*z**2 + 11*z - 8. Calculate k(5).
-3
Let h(s) = 10*s - 8. Determine h(6).
52
Let w(j) = 2*j**3 - 12*j**2 + 6*j + 3. Determine w(5).
-17
Let p(r) = -r**2 + 3. What is p(3)?
-6
Let z(f) = 2*f**2 - 13*f + 21. What is z(3)?
0
Let q(c) = -c**2 + 5*c + 8. What is q(8)?
-16
Let s(n) = n**2 + 9*n + 22. What is s(-7)?
8
Let l(p) = p**2 - 30*p - 12. Give l(31).
19
Let q(h) = 7*h - 62. Determine q(13).
29
Let b(a) = -a**3 - 8*a**2 - 13*a + 2. Give b(-6).
8
Let z(i) = -i**3 + 6*i**2 + 19*i + 11. Calculate z(10).
-199
Let x(r) = 2*r + 80. Determine x(-37).
6
Let n(m) = -m**2 - 29*m + 38. What is n(-30)?
8
Let f(v) = -13*v - 313. What is f(-25)?
12
Let f(n) = n**2 + 15*n + 24. Determine f(-4).
-20
Let o(h) = 6*h + 34. What is o(-5)?
4
Let h(i) = i**2 + 11*i + 24. Give h(-9).
6
Let k(f) = -2*f**2 + 2*f - 2. Give k(2).
-6
Let s(t) = t**3 - 9*t**2 - 9*t + 9. Give s(10).
19
Let r(y) = -y**3 - 4*y**2 - 2*y - 4. What is r(-4)?
4
Let n(z) = 5*z - 6. Determine n(4).
14
Let g(p) = -p**2 + 2. Calculate g(0).
2
Let l(i) = -i**2 + 15*i - 26. Give l(13).
0
Let z(w) = w**3 - 44*w**2 - 43*w - 94. Calculate z(45).
-4
Let o(s) = -6*s + 3. Determine o(1).
-3
Let w(x) = 2*x**2 + 96*x - 83. Determine w(-49).
15
Let y(s) = 4*s - 56. What is y(9)?
-20
Let s(f) = -f**3 - 15*f**2 - 58*f - 6. Give s(-6).
18
Let g(c) = c**3 - 4*c**2 - 6*c - 5. Give g(6).
31
Let m(x) = -x - 1. What is m(-1)?
0
Let k(q) = q**3 - 7*q**2 - 13. Give k(7).
-13
Let a(b) = -66*b - 678. Calculate a(-10).
-18
Let j(m) = -m**3 + 13*m**2 + 15*m - 14. What is j(14)?
0
Let l(z) = 4*z + 15. Give l(-7).
-13
Let x(t) = 2*t**2 + 19*t - 22. Determine x(-11).
11
Let z(n) = -n**3 - 4*n**2 - 7*n. Calculate z(-3).
12
Let n(j) = -j**2 + 8*j + 5. Give n(6).
17
Let c(k) = -k**2 - 14*k + 17. Give c(-16).
-15
Let m(g) = -g**2 + g - 5. Determine m(-3).
-17
Let c(y) = -10*y**2 - 2*y + 1. Give c(1).
-11
Let u(c) = c**2 - 2*c + 3. Give u(6).
27
Let t(b) = -b**3 - 11*b**2 + 10*b - 13. Determine t(-12).
11
Let j(o) = -7*o - 172. Determine j(-26).
10
Let v(p) = -84*p + 1016. What is v(12)?
8
Let y(o) = -22*o + 74. Calculate y(3).
8
Let d(k) = -k**3 - 9*k**2 - 4. What is d(-9)?
-4
Let m(b) = b**3 - 14*b**2 - 2. Give m(14).
-2
Let b(v) = -2*v**2 - 5*v - 3. Give b(4).
-55
Let r(m) = -m - 1. Determine r(5).
-6
Let t(m) = -3*m**2 - m + 4. Calculate t(-3).
-20
Let a(h) = 8*h**2 - 58*h - 2. Determine a(7).
-16
Let x(o) = 13*o + 398. Determine x(-30).
8
Let j(q) = 2*q**2 - 10*q - 6. Determine j(6).
6
Let o(n) = -6*n + 3. Give o(3).
-15
Let x(b) = b**2 + 16*b - 28. Calculate x(-18).
8
Let f(g) = -g**3 + 2*g**2 + 3*g + 4. Calculate f(3).
4
Let o(m) = -3*m + 28. Determine o(9).
1
Let p(l) = -12*l + 4. Calculate p(3).
-32
Let o(a) = -a**3 + 6*a**2 - 11*a - 2. Give o(4).
-14
Let u(x) = -x**3 - 11*x**2 - 9*x - 12. Give u(-10).
-22
Let o(j) = -2*j + 8. What is o(1)?
6
Let b(r) = -3*r**2 + 5*r - 6. Determine b(6).
-84
Let u(g) = -9*g**2 + 69*g + 19. What is u(8)?
-5
Let m(b) = b + 5. Determine m(-15).
-10
Let d(j) = -10*j**2 + 58*j + 15. Calculate d(6).
3
Let k(y) = y**2 - 4*y + 5. Give k(2).
1
Let d(l) = -37*l + 110. Give d(3).
-1
Let f(b) = -b**2 + 5*b - 4. Give f(5).
-4
Let i(h) = -3*h + 44. What is i(-5)?
59
Let s(d) = d**3 + 5*d**2 - d + 1. What is s(-4)?
21
Let j(q) = q**3 + 5*q**2 + q - 2. Give j(-5).
-7
Let b(m) = 7*m + 57. Give b(-3).
36
Let c(w) = -10*w - 174. Calculate c(-17).
-4
Let y(z) = z**3 + 16*z**2 + 2*z + 42. What is y(-16)?
10
Let s(a) = -7*a**3 - a**2 + a + 4. Calculate s(-2).
54
Let s(y) = 18*y**3 - 4*y + 3. Give s(1).
17
Let p(f) = f**2 - 9*f + 14. What is p(8)?
6
Let h(x) = x**3 - 24*x**2 + 23*x - 19. What is h(23)?
-19
Let y(p) = -p + 6. What is y(0)?
6
Let v(o) = -o**2 + 12*o - 15. Calculate v(10).
5
Let g(b) = -b**3 - 8*b**2 - 2*b + 6. Determine g(-9).
105
Let y(s) = -4*s**3 + 4*s**2 - 8*s + 5. Determine y(3).
-91
Let y(c) = c**3 - 8*c**2 - 11*c + 7. What is y(9)?
-11
Let z(p) = -p - 17. Calculate z(-19).
2
Let g(f) = 7*f + 131. Determine g(-21).
-16
Let i(b) = 119*b + 115. Calculate i(-1).
-4
Let t(r) = 7*r**2 - 1. What is t(1)?
6
Let s(v) = -v**3 - 11*v**2 + 10*v - 11. Determine s(-12).
13
Let s(i) = 7*i**2 + 4*i + 1. Determine s(-1).
4
Let t(a) = -a**3 - 13*a**2 - 12*a + 6. Give t(-12).
6
Let b(f) = f**3 + 11*f**2 - 7*f + 2. Determine b(-12).
-58
Let b(j) = -2*j - 28. What is b(-20)?
12
Let n(k) = k**3 + 4*k**2 - 165*k - 14. Calculate n(11).
-14
Let c(d) = d**3 + 3*d**2 - 3*d + 3. Calculate c(-3).
12
Let l(v) = 2*v - 6. What is l(10)?
14
Let t(p) = p**2 + p. Give t(-1).
0
Let s(z) = -z**2 - 14*z + 2. What is s(-15)?
-13
Let b(p) = -p**2 + 13*p - 32. Calculate b(8).
8
Let y(b) = -b**2 + 26*b + 157. What is y(-5)?
2
Let h(i) = -5*i**2 + 3*i - 3. What is h(3)?
-39
Let u(j) = -j**3 - 13*j**2 - 14*j - 19. Give u(-12).
5
Let y(s) = s**2 - 17*s + 35. What is y(2)?
5
Let t(k) = k**2 + 14*k + 34. Determine t(-12).
10
Let d(n) = 2*n + 6. What is d(-3)?
0
Let v(o) = -4*o + 11. Determine v(15).
-49
Let f(k) = -k**2 - 4*k - 14. What is f(-3)?
-11
Let t(l) = -l - 3. Give t(-7).
4
Let a(i) = i**3 - 38*i**2 - i + 40. What is a(38)?
2
Let n(m) = m**2 - 12*m - 224. Determine n(-10).
-4
Let v(z) = 4*z + 45. Calculate v(-11).
1
Let k(d) = d**3 - 13*d**2 - 2*d + 18. Give k(13).
-8
Let w(z) = z**2 + 12*z + 7. Determine w(-5).
-28
Let d(h) = 139*h + 277. Calculate d(-2).
-1
Let n(w) = -w**3 - 11*w**2 + 6*w - 1. What is n(-10)?
-161
Let i(k) = 2*k + 1. Give i(-2).
-3
Let h(w) = -w**2 + 9*w - 5. Determine h(6).
13
Let l(p) = -p**2 + 3*p - 22. Calculate l(9).
-76
Let o(d) = d**2 - 27. What is o(-6)?
9
Let a(s) = -6*s + 53. What is a(10)?
-7
Let l(t) = 2*t**3 - 14*t**2 - 19*t + 7. Determine l(8).
-17
Let t(o) = -o**2 + 12*o + 80. Give t(17).
-5
Let o(t) = -2*t**3 - 13*t**2 + 7*t + 70. What is o(-6)?
-8
Let s(y) = y**2 - 11*y + 21. Determine s(4).
-7
Let o(l) = l**3 + 9*l**2 - l - 6. Give o(-9).
3
Let g(n) = 6*n**3 + 2*n**2 + 4. Give g(-2).
-36
Let z(m) = -2*m**3 - 16*m**2 - 9*m + 1. Determine z(-7).
-34
Let q(x) = -3*x**2 + 23*x - 10. Determine q(7).
4
Let q(v) = 6*v - 82. Calculate q(14).
2
Let k(j) = -35*j + 190. What is k(5)?
15
Let d(u) = 2*u + 6. Give d(9).
24
Let b(h) = -h**2 + 20*h - 65. Give b(15).
10
Let j(c) = 11*c**2 - c - 4. Give j(2).
38
Let o(p) = -p**2 + 68*p - 678. Calculate o(12).
-6
Let y(r) = 3*r**2 + 46*r + 114. Determine y(-12).
-6
Let y(j) = -j**2 - j + 1. Determine y(2).
-5
Let z(m) = m + 7. Calculate z(9).
16
Let o(r) = -3*r**3 + 10*r**2 - 6*r + 4. Calculate o(3).
-5
Let f(j) = -j**3 - 13*j**2 - j - 22. Calculate f(-12).
-154
Let y(s) = -5*s**2 + 4*s - 3. What is y(3)?
-36
Let b(n) = -n**3 + 29*n**2 + 32*n - 51. Calculate b(30).
9
Let z(f) = 2*f**3 + 51*f**2 - 25*f + 19. Determine z(-26).
-7
Let i(q) = -q - 6. Determine i(5).
-11
Let z(r) = r**2 + 4*r - 7. What is z(-5)?
-2
Let g(h) = h**3 + 8*h**2 + 3*h + 27. Calculate g(-8).
3
Let a(p) = -4*p + 2. Determine a(-5).
22
Let x(h) = -h**3 + 11*h**2 + 11*h + 7. What is x(12)?
-5
Let l(m) = 3*m + 1. Give l(7).
22
Let u(v) = -3*v**3 + 21*v**2 - 40*v + 9. Determine u(4).
-7
Let z(n) = n**3 + 4*n**2 - 8*n - 12. What is z(-5)?
3
Let i(l) = 12*l + 72. What is i(-4)?
24
Let u(q) = q**3 + 7*q**2 + 10*q - 2. Determine u(-5).
-2
Let d(a) = -6*a + 46. What is d(8)?
-2
Let q(f) = -f**3 + 57*f**2 - 60*f + 221. Determine q(56).
-3
Let v(b) = 13*b + 2. Calculate v(-2).
-24
Let d(r) = -r**3 + 22*r**2 + r + 3. Give d(22).
25
Let u(r) = -2*r**3 + 23*r**2 - 10*r - 4. What is u(11)?
7
Let o(h) = -h**3 + 36*h**2 + 34*h + 117. What is o(37)?
6
Let p(m) = 3*m. Give p(6).
18
Let t(q) = -q**3 - 7*q**2 + 10*q + 18. Calculate t(-8).
2
Let l(q) = -6*q + 39. Calculate l(6).
3
Let v(o) = -4*o - 18. Determine v(4).
-34
Let p(c) = -c**3 + 8*c**2 + 11*c - 35. Determine p(9).
-17
Let s(k) = -12*k - 55. What is s(-10)?
65
Let f(n) = -n + 34. Calculate f(8).
26
Let h(i) = 6*i + 9. Determine h(-8).
-39
Let c(u) = -2*u**2 + 10*u - 9. What is c(6)?
-21
Let k(m) = m - 13. Calculate k(5).
-8
Let b(t) = -2*t**3 + 2*t**2 - 2*t - 4. Calculate b(4).
-108
Let f(r) = -6*r**3 + 2*r + 1. Calculate f(-1).
5
Let c(m) = m**3 + 6*m**2 - 3*m - 9. Determine c(-5).
31
Let u(h) = h**3 - 22*h**2 - h + 2